{"id":76,"date":"2023-04-23T12:20:25","date_gmt":"2023-04-23T12:20:25","guid":{"rendered":"https:\/\/www.speichenspanner.com\/?page_id=76"},"modified":"2026-04-03T15:46:29","modified_gmt":"2026-04-03T15:46:29","slug":"startseite","status":"publish","type":"page","link":"https:\/\/www.speichenspanner.com\/","title":{"rendered":"Startseite"},"content":{"rendered":"\t\t<div data-elementor-type=\"wp-page\" data-elementor-id=\"76\" class=\"elementor elementor-76\">\n\t\t\t\t\t\t<section class=\"elementor-section elementor-top-section elementor-element elementor-element-694fc5d1 elementor-section-content-middle elementor-section-boxed elementor-section-height-default elementor-section-height-default\" data-id=\"694fc5d1\" data-element_type=\"section\" data-e-type=\"section\" data-settings=\"{&quot;background_background&quot;:&quot;classic&quot;}\">\n\t\t\t\t\t\t<div class=\"elementor-container elementor-column-gap-no\">\n\t\t\t\t\t<div class=\"elementor-column elementor-col-100 elementor-top-column elementor-element elementor-element-f703ec3\" data-id=\"f703ec3\" data-element_type=\"column\" data-e-type=\"column\">\n\t\t\t<div class=\"elementor-widget-wrap elementor-element-populated\">\n\t\t\t\t\t\t<div class=\"elementor-element elementor-element-36167784 elementor-widget elementor-widget-heading\" data-id=\"36167784\" data-element_type=\"widget\" data-e-type=\"widget\" data-widget_type=\"heading.default\">\n\t\t\t\t<div class=\"elementor-widget-container\">\n\t\t\t\t\t<h4 class=\"elementor-heading-title elementor-size-default\">Speichenspanner  Projekt<\/h4>\t\t\t\t<\/div>\n\t\t\t\t<\/div>\n\t\t\t\t<section class=\"elementor-section elementor-inner-section elementor-element elementor-element-803cbf3 elementor-section-content-middle elementor-section-boxed elementor-section-height-default elementor-section-height-default\" data-id=\"803cbf3\" data-element_type=\"section\" data-e-type=\"section\">\n\t\t\t\t\t\t<div class=\"elementor-container elementor-column-gap-no\">\n\t\t\t\t\t<div class=\"elementor-column elementor-col-33 elementor-inner-column elementor-element elementor-element-f7e8642\" data-id=\"f7e8642\" data-element_type=\"column\" data-e-type=\"column\">\n\t\t\t<div class=\"elementor-widget-wrap elementor-element-populated\">\n\t\t\t\t\t\t<div class=\"elementor-element elementor-element-9f663c7 elementor-widget elementor-widget-image\" data-id=\"9f663c7\" data-element_type=\"widget\" data-e-type=\"widget\" data-widget_type=\"image.default\">\n\t\t\t\t<div class=\"elementor-widget-container\">\n\t\t\t\t\t\t\t\t\t\t\t\t\t\t\t<img decoding=\"async\" src=\"https:\/\/www.speichenspanner.com\/wp-content\/uploads\/elementor\/thumbs\/ChatGPT-Image-7.-Maerz-2026-17_09_03-rk5ykz66pfoep7ibnf7px8rlb076t1zpyq98kijzlk.png\" title=\"ChatGPT Image 7. M\u00e4rz 2026, 17_09_03\" alt=\"ChatGPT Image 7. M\u00e4rz 2026, 17_09_03\" loading=\"lazy\" \/>\t\t\t\t\t\t\t\t\t\t\t\t\t\t\t<\/div>\n\t\t\t\t<\/div>\n\t\t\t\t\t<\/div>\n\t\t<\/div>\n\t\t\t\t<div class=\"elementor-column elementor-col-33 elementor-inner-column elementor-element elementor-element-4e8e840a\" data-id=\"4e8e840a\" data-element_type=\"column\" data-e-type=\"column\">\n\t\t\t<div class=\"elementor-widget-wrap elementor-element-populated\">\n\t\t\t\t\t\t<div class=\"elementor-element elementor-element-df01148 elementor-widget elementor-widget-image\" data-id=\"df01148\" data-element_type=\"widget\" data-e-type=\"widget\" data-widget_type=\"image.default\">\n\t\t\t\t<div class=\"elementor-widget-container\">\n\t\t\t\t\t\t\t\t\t\t\t\t<figure class=\"wp-caption\">\n\t\t\t\t\t\t\t\t\t\t<img decoding=\"async\" src=\"https:\/\/www.speichenspanner.com\/wp-content\/uploads\/elementor\/thumbs\/ChatGPT-Image-7.-Maerz-2026-17_01_06-rk5ycs0v3ggdfnf1ivmv6b8us0lxo3g065ervmplvc.png\" title=\"ChatGPT Image 7. M\u00e4rz 2026, 17_01_06\" alt=\"ChatGPT Image 7. M\u00e4rz 2026, 17_01_06\" loading=\"lazy\" \/>\t\t\t\t\t\t\t\t\t\t\t<figcaption class=\"widget-image-caption wp-caption-text\"><\/figcaption>\n\t\t\t\t\t\t\t\t\t\t<\/figure>\n\t\t\t\t\t\t\t\t\t<\/div>\n\t\t\t\t<\/div>\n\t\t\t\t\t<\/div>\n\t\t<\/div>\n\t\t\t\t<div class=\"elementor-column elementor-col-33 elementor-inner-column elementor-element elementor-element-21f7fc59\" data-id=\"21f7fc59\" data-element_type=\"column\" data-e-type=\"column\">\n\t\t\t<div class=\"elementor-widget-wrap elementor-element-populated\">\n\t\t\t\t\t\t<div class=\"elementor-element elementor-element-6c8ecec1 elementor-widget elementor-widget-image\" data-id=\"6c8ecec1\" data-element_type=\"widget\" data-e-type=\"widget\" data-widget_type=\"image.default\">\n\t\t\t\t<div class=\"elementor-widget-container\">\n\t\t\t\t\t\t\t\t\t\t\t\t\t\t\t<img decoding=\"async\" src=\"https:\/\/www.speichenspanner.com\/wp-content\/uploads\/elementor\/thumbs\/IMG_20220914_211302_595_091333-qf5z7n8w6mam34qzdwg0enyq1ndbewgnasdyrowsmw.jpg\" title=\"IMG_20220914_211302_595_091333\" alt=\"IMG_20220914_211302_595_091333\" loading=\"lazy\" \/>\t\t\t\t\t\t\t\t\t\t\t\t\t\t\t<\/div>\n\t\t\t\t<\/div>\n\t\t\t\t\t<\/div>\n\t\t<\/div>\n\t\t\t\t\t<\/div>\n\t\t<\/section>\n\t\t\t\t<section class=\"elementor-section elementor-inner-section elementor-element elementor-element-5e7d2077 elementor-section-content-middle elementor-section-boxed elementor-section-height-default elementor-section-height-default\" data-id=\"5e7d2077\" data-element_type=\"section\" data-e-type=\"section\">\n\t\t\t\t\t\t<div class=\"elementor-container elementor-column-gap-no\">\n\t\t\t\t\t<div class=\"elementor-column elementor-col-33 elementor-inner-column elementor-element elementor-element-3595077d\" data-id=\"3595077d\" data-element_type=\"column\" data-e-type=\"column\">\n\t\t\t<div class=\"elementor-widget-wrap elementor-element-populated\">\n\t\t\t\t\t\t<div class=\"elementor-element elementor-element-9a41142 elementor-widget elementor-widget-heading\" data-id=\"9a41142\" data-element_type=\"widget\" data-e-type=\"widget\" data-widget_type=\"heading.default\">\n\t\t\t\t<div class=\"elementor-widget-container\">\n\t\t\t\t\t<h6 class=\"elementor-heading-title elementor-size-default\">Handwerk in Bewegung...<\/h6>\t\t\t\t<\/div>\n\t\t\t\t<\/div>\n\t\t\t\t<div class=\"elementor-element elementor-element-465e8510 elementor-widget elementor-widget-text-editor\" data-id=\"465e8510\" data-element_type=\"widget\" data-e-type=\"widget\" data-widget_type=\"text-editor.default\">\n\t\t\t\t<div class=\"elementor-widget-container\">\n\t\t\t\t\t\t\t\t\t<h2 data-pm-slice=\"1 1 []\">\u00a0<\/h2><p>Nach \u00fcber 45 Jahren an der Werkbank gehe ich jetzt auf eine andere Art auf Arbeit. Ich durchquere das europ\u00e4ische Land ganz langsam\u00a0 mit dem Fahrradwohnwagen\u00a0 und arbeite dort, wo Menschen mit ihren R\u00e4dern unterwegs sind.<\/p><p>Ohne Laden.<br \/>Ohne Werkstatt.<br \/>Ohne festen Standort.<\/p><p>Stattdessen: Handwerk in Bewegung.<\/p><p>Speichenspanner Projekt ist kein Ort \u2013 sondern ein Weg.<\/p><div><hr \/><\/div><h5><span style=\"color: #00ff00;\">&#8230;mit dem Handwerk unterwegs<\/span><\/h5>\t\t\t\t\t\t\t\t<\/div>\n\t\t\t\t<\/div>\n\t\t\t\t\t<\/div>\n\t\t<\/div>\n\t\t\t\t<div class=\"elementor-column elementor-col-33 elementor-inner-column elementor-element elementor-element-17887d97\" data-id=\"17887d97\" data-element_type=\"column\" data-e-type=\"column\">\n\t\t\t<div class=\"elementor-widget-wrap elementor-element-populated\">\n\t\t\t\t\t\t<div class=\"elementor-element elementor-element-514c997 elementor-widget elementor-widget-text-editor\" data-id=\"514c997\" data-element_type=\"widget\" data-e-type=\"widget\" data-widget_type=\"text-editor.default\">\n\t\t\t\t<div class=\"elementor-widget-container\">\n\t\t\t\t\t\t\t\t\t<h1 data-section-id=\"81917n\" data-start=\"214\" data-end=\"247\"><span style=\"color: #ffff00;\">Die Speichenspanner-Philosophie<\/span><\/h1><p data-start=\"249\" data-end=\"396\">Ein gutes Laufrad erkennt man nicht sofort.<br data-start=\"292\" data-end=\"295\" \/>Es l\u00e4uft ruhig, tr\u00e4gt zuverl\u00e4ssig und funktioniert oft viele Jahre, ohne Aufmerksamkeit zu verlangen.<\/p><p data-start=\"398\" data-end=\"434\">Seine St\u00e4rke liegt im Gleichgewicht. Erst wenn die Spannung der Speichen gleichm\u00e4\u00dfig verteilt ist, entsteht Stabilit\u00e4t.<\/p><p data-start=\"598\" data-end=\"752\">Zu viel Spannung belastet das Material.<br data-start=\"637\" data-end=\"640\" \/>Zu wenig Spannung macht das Laufrad\u00a0 instabil.<br data-start=\"695\" data-end=\"698\" \/>Die Kunst liegt darin, <strong data-start=\"721\" data-end=\"751\">das richtige Ma\u00df zu finden<\/strong>.<\/p><p data-start=\"754\" data-end=\"869\">Dieses Gleichgewicht entsteht nicht durch Zufall.<br data-start=\"803\" data-end=\"806\" \/>Es entsteht durch Geduld, Erfahrung und handwerkliche Sorgfalt.<\/p><p data-start=\"871\" data-end=\"1023\">Der Speichenschl\u00fcssel bewegt sich nur wenig-<br data-start=\"928\" data-end=\"931\" \/>doch diese kleinen Bewegungen entscheiden dar\u00fcber,<br data-start=\"981\" data-end=\"984\" \/>ob ein Laufrad dauerhaft stabil bleibt.<\/p><p data-start=\"1025\" data-end=\"1172\">Ein gut gebautes Laufrad ist deshalb nicht nur ein technisches Bauteil.<br data-start=\"1096\" data-end=\"1099\" \/>Es ist ein Beispiel daf\u00fcr, wie viele kleine Kr\u00e4fte zusammenwirken k\u00f6nnen.<\/p><p data-start=\"1174\" data-end=\"1222\">Auch auf einer Reise zeigt sich etwas \u00c4hnliches.<\/p><p data-start=\"1224\" data-end=\"1354\">Viele Tage, viele Kilometer, viele Begegnungen.<br data-start=\"1271\" data-end=\"1274\" \/>Keiner f\u00fcr sich allein ist entscheidend.<br data-start=\"1314\" data-end=\"1317\" \/>Doch zusammen entsteht eine Bewegung.<\/p><p data-start=\"1356\" data-end=\"1417\">Das Projekt <strong data-start=\"1368\" data-end=\"1387\">Speichenspanner<\/strong> verbindet diese beiden Dinge:<\/p><p data-start=\"1419\" data-end=\"1438\">Handwerk und Reise.<\/p><p data-start=\"1440\" data-end=\"1514\">Mein Bike tr\u00e4gt mich durch Europa.<br data-start=\"1476\" data-end=\"1479\" \/>Werkzeug und Wissen begleiten mich.<\/p>\t\t\t\t\t\t\t\t<\/div>\n\t\t\t\t<\/div>\n\t\t\t\t\t<\/div>\n\t\t<\/div>\n\t\t\t\t<div class=\"elementor-column elementor-col-33 elementor-inner-column elementor-element elementor-element-41ef0e21\" data-id=\"41ef0e21\" data-element_type=\"column\" data-e-type=\"column\">\n\t\t\t<div class=\"elementor-widget-wrap elementor-element-populated\">\n\t\t\t\t\t\t<div class=\"elementor-element elementor-element-42fbdcd8 elementor-widget elementor-widget-heading\" data-id=\"42fbdcd8\" data-element_type=\"widget\" data-e-type=\"widget\" data-widget_type=\"heading.default\">\n\t\t\t\t<div class=\"elementor-widget-container\">\n\t\t\t\t\t<h6 class=\"elementor-heading-title elementor-size-default\">Schraubertage<\/h6>\t\t\t\t<\/div>\n\t\t\t\t<\/div>\n\t\t\t\t<div class=\"elementor-element elementor-element-3418aae7 elementor-widget elementor-widget-text-editor\" data-id=\"3418aae7\" data-element_type=\"widget\" data-e-type=\"widget\" data-widget_type=\"text-editor.default\">\n\t\t\t\t<div class=\"elementor-widget-container\">\n\t\t\t\t\t\t\t\t\t<h4><span style=\"color: #ff9900;\">Handwerk gemeinsam lernen<\/span><\/h4><p>Die Schraubertage sind keine Kurse im klassischen Sinn.<\/p><p>Sie sind <strong>gemeinsame Werkbanktage<\/strong>.<\/p><p>Menschen bringen ihre eigenen Laufr\u00e4der mit \u2013<br \/>und wir bauen, reparieren und zentrieren sie zusammen.<\/p><p>Ich begleite den gesamten Prozess.<br \/>Am Ende l\u00e4uft alles rund.<\/p><p>Die Schraubertage finden dort statt, wo das Projekt unterwegs ist:<\/p><ul data-spread=\"false\"><li><p>unterwegs auf der Route<\/p><\/li><li><p>in Werkst\u00e4tten<\/p><\/li><li><p>auf H\u00f6fen<\/p><\/li><li><p>in Gemeinschaftsorten<\/p><\/li><li><p>auf Campingpl\u00e4tzen<\/p><\/li><li><p>in Vereinen<\/p><\/li><li><p>in Projektr\u00e4umen<\/p><\/li><\/ul><p>Keine festen Standorte.<br \/>Keine festen R\u00e4ume.<\/p>\t\t\t\t\t\t\t\t<\/div>\n\t\t\t\t<\/div>\n\t\t\t\t\t<\/div>\n\t\t<\/div>\n\t\t\t\t\t<\/div>\n\t\t<\/section>\n\t\t\t\t\t<\/div>\n\t\t<\/div>\n\t\t\t\t\t<\/div>\n\t\t<\/section>\n\t\t\t\t<section class=\"elementor-section elementor-top-section elementor-element elementor-element-1cc0c688 elementor-section-content-middle elementor-section-boxed elementor-section-height-default elementor-section-height-default\" data-id=\"1cc0c688\" data-element_type=\"section\" data-e-type=\"section\">\n\t\t\t\t\t\t<div class=\"elementor-container elementor-column-gap-no\">\n\t\t\t\t\t<div class=\"elementor-column elementor-col-100 elementor-top-column elementor-element elementor-element-1af76cc6\" data-id=\"1af76cc6\" data-element_type=\"column\" data-e-type=\"column\">\n\t\t\t<div class=\"elementor-widget-wrap elementor-element-populated\">\n\t\t\t\t\t\t<div class=\"elementor-element elementor-element-3266e732 elementor-widget elementor-widget-heading\" data-id=\"3266e732\" data-element_type=\"widget\" data-e-type=\"widget\" data-widget_type=\"heading.default\">\n\t\t\t\t<div class=\"elementor-widget-container\">\n\t\t\t\t\t<h5 class=\"elementor-heading-title elementor-size-default\">Speichenspanner  ist ein mobiles Projekt zur praktischen Aus\u00fcbung, Weitergabe und Dokumentation des Laufradbaus als traditionelles Handwerk.\n\nMit einer mobilen Werkbank auf Reisen durch Europa entstehen ortsunabh\u00e4ngige Lern-, Begegnungs- und Reparaturformate.\n\nDas Projekt verbindet Handwerk, Bildung, Nachhaltigkeit und Kulturarbeit.<\/h5>\t\t\t\t<\/div>\n\t\t\t\t<\/div>\n\t\t\t\t<div class=\"elementor-element elementor-element-62afb749 elementor-widget elementor-widget-heading\" data-id=\"62afb749\" data-element_type=\"widget\" data-e-type=\"widget\" data-widget_type=\"heading.default\">\n\t\t\t\t<div class=\"elementor-widget-container\">\n\t\t\t\t\t<h4 class=\"elementor-heading-title elementor-size-default\">Interesse geweckt?<\/h4>\t\t\t\t<\/div>\n\t\t\t\t<\/div>\n\t\t\t\t<div class=\"elementor-element elementor-element-a01714a elementor-widget elementor-widget-heading\" data-id=\"a01714a\" data-element_type=\"widget\" data-e-type=\"widget\" data-widget_type=\"heading.default\">\n\t\t\t\t<div class=\"elementor-widget-container\">\n\t\t\t\t\t<h4 class=\"elementor-heading-title elementor-size-default\"><a href=\"http:\/\/www.polarsteps.com\/speichenspanner\" target=\"_blank\">Begleite mich auf Polarsteps\n\n<\/a><\/h4>\t\t\t\t<\/div>\n\t\t\t\t<\/div>\n\t\t\t\t<div class=\"elementor-element elementor-element-1d7f9c5 elementor-widget elementor-widget-heading\" data-id=\"1d7f9c5\" data-element_type=\"widget\" data-e-type=\"widget\" data-widget_type=\"heading.default\">\n\t\t\t\t<div class=\"elementor-widget-container\">\n\t\t\t\t\t<h4 class=\"elementor-heading-title elementor-size-default\"><a href=\"http:\/\/www.facebook.com\/speichenspanner\" target=\"_blank\">Information zum Projekt gibt es auf Facebook\n\n<\/a><\/h4>\t\t\t\t<\/div>\n\t\t\t\t<\/div>\n\t\t\t\t<div class=\"elementor-element elementor-element-76c5d29 elementor-widget elementor-widget-heading\" data-id=\"76c5d29\" data-element_type=\"widget\" data-e-type=\"widget\" data-widget_type=\"heading.default\">\n\t\t\t\t<div class=\"elementor-widget-container\">\n\t\t\t\t\t<h4 class=\"elementor-heading-title elementor-size-default\">Kontakt gern \u00fcber Whatsapp 01748285813\n\n<\/h4>\t\t\t\t<\/div>\n\t\t\t\t<\/div>\n\t\t\t\t\t<\/div>\n\t\t<\/div>\n\t\t\t\t\t<\/div>\n\t\t<\/section>\n\t\t\t\t<section class=\"elementor-section elementor-top-section elementor-element elementor-element-730b5d99 elementor-section-content-middle elementor-section-boxed elementor-section-height-default elementor-section-height-default\" data-id=\"730b5d99\" data-element_type=\"section\" data-e-type=\"section\" data-settings=\"{&quot;background_background&quot;:&quot;classic&quot;}\">\n\t\t\t\t\t\t<div class=\"elementor-container elementor-column-gap-no\">\n\t\t\t\t\t<div class=\"elementor-column elementor-col-33 elementor-top-column elementor-element elementor-element-7f3d959\" data-id=\"7f3d959\" data-element_type=\"column\" data-e-type=\"column\">\n\t\t\t<div class=\"elementor-widget-wrap elementor-element-populated\">\n\t\t\t\t\t\t<div class=\"elementor-element elementor-element-1a510d68 elementor-widget elementor-widget-image\" data-id=\"1a510d68\" data-element_type=\"widget\" data-e-type=\"widget\" data-widget_type=\"image.default\">\n\t\t\t\t<div class=\"elementor-widget-container\">\n\t\t\t\t\t\t\t\t\t\t\t\t\t\t\t<img fetchpriority=\"high\" decoding=\"async\" width=\"614\" height=\"814\" src=\"https:\/\/www.speichenspanner.com\/wp-content\/uploads\/2023\/04\/IMG-20190518-WA00081-2.jpg\" class=\"elementor-animation-grow attachment-large size-large wp-image-8\" alt=\"\" srcset=\"https:\/\/www.speichenspanner.com\/wp-content\/uploads\/2023\/04\/IMG-20190518-WA00081-2.jpg 614w, https:\/\/www.speichenspanner.com\/wp-content\/uploads\/2023\/04\/IMG-20190518-WA00081-2-226x300.jpg 226w\" sizes=\"(max-width: 614px) 100vw, 614px\" \/>\t\t\t\t\t\t\t\t\t\t\t\t\t\t\t<\/div>\n\t\t\t\t<\/div>\n\t\t\t\t\t<\/div>\n\t\t<\/div>\n\t\t\t\t<div class=\"elementor-column elementor-col-33 elementor-top-column elementor-element elementor-element-2e8e6264\" data-id=\"2e8e6264\" data-element_type=\"column\" data-e-type=\"column\">\n\t\t\t<div class=\"elementor-widget-wrap elementor-element-populated\">\n\t\t\t\t\t\t<div class=\"elementor-element elementor-element-11a66a1b elementor-widget elementor-widget-text-editor\" data-id=\"11a66a1b\" data-element_type=\"widget\" data-e-type=\"widget\" data-widget_type=\"text-editor.default\">\n\t\t\t\t<div class=\"elementor-widget-container\">\n\t\t\t\t\t\t\t\t\t<h1 data-section-id=\"1p8e2ja\" data-start=\"706\" data-end=\"729\"><span style=\"color: #00ccff;\">Mobiler Laufrad-Check<\/span><\/h1><p data-start=\"731\" data-end=\"807\"><span style=\"color: #99cc00;\">W\u00e4hrend der Tour biete ich <strong data-start=\"758\" data-end=\"787\">kostenlose Laufrad-Checks<\/strong> f\u00fcr Radreisende an.<\/span><\/p><p data-start=\"809\" data-end=\"1021\"><span style=\"color: #99cc00;\">Mit einem <strong data-start=\"819\" data-end=\"834\">Tensiometer<\/strong> messe ich die Speichenspannung und pr\u00fcfe den Zustand eines Laufrades. Dabei geht es nicht um Verkauf oder Werkstattservice, sondern darum, <strong data-start=\"974\" data-end=\"1020\">Stabilit\u00e4t und Qualit\u00e4t sichtbar zu machen<\/strong>.<\/span><\/p><p data-start=\"1023\" data-end=\"1041\"><span style=\"color: #99cc00;\">Der Check umfasst:<\/span><\/p><p data-start=\"1043\" data-end=\"1177\"><span style=\"color: #99cc00;\">\u2022 Sichtpr\u00fcfung<\/span><br data-start=\"1057\" data-end=\"1060\" \/><span style=\"color: #99cc00;\">\u2022 Rundlaufkontrolle<\/span><br data-start=\"1079\" data-end=\"1082\" \/><span style=\"color: #99cc00;\">\u2022 Messung der Speichenspannung<\/span><br data-start=\"1112\" data-end=\"1115\" \/><span style=\"color: #99cc00;\">\u2022 Einsch\u00e4tzung der Stabilit\u00e4t<\/span><br data-start=\"1144\" data-end=\"1147\" \/><span style=\"color: #99cc00;\">\u2022 Erkl\u00e4rung der Messergebnisse<\/span><\/p><p data-start=\"1179\" data-end=\"1313\"><span style=\"color: #99cc00;\">Viele Probleme entstehen schleichend. Ein kurzer Blick auf die Speichenspannung kann helfen, m\u00f6gliche Schwachstellen fr\u00fch zu erkennen.<\/span><\/p><p data-start=\"1315\" data-end=\"1329\"><span style=\"color: #99cc00;\">Der Check ist:<\/span><\/p><p data-start=\"1331\" data-end=\"1440\"><span style=\"color: #99cc00;\">\u2713 kostenlos<\/span><br data-start=\"1342\" data-end=\"1345\" \/><span style=\"color: #99cc00;\">\u2713 offen f\u00fcr alle Radreisenden<\/span><br data-start=\"1374\" data-end=\"1377\" \/><span style=\"color: #99cc00;\">\u2713 ein Angebot f\u00fcr Austausch und Wissen<\/span><\/p>\t\t\t\t\t\t\t\t<\/div>\n\t\t\t\t<\/div>\n\t\t\t\t\t<\/div>\n\t\t<\/div>\n\t\t\t\t<div class=\"elementor-column elementor-col-33 elementor-top-column elementor-element elementor-element-23df464d\" data-id=\"23df464d\" data-element_type=\"column\" data-e-type=\"column\">\n\t\t\t<div class=\"elementor-widget-wrap elementor-element-populated\">\n\t\t\t\t\t\t<div class=\"elementor-element elementor-element-e32533a elementor-widget elementor-widget-image\" data-id=\"e32533a\" data-element_type=\"widget\" data-e-type=\"widget\" data-widget_type=\"image.default\">\n\t\t\t\t<div class=\"elementor-widget-container\">\n\t\t\t\t\t\t\t\t\t\t\t\t\t\t\t<img decoding=\"async\" width=\"720\" height=\"960\" src=\"https:\/\/www.speichenspanner.com\/wp-content\/uploads\/2023\/04\/facebook_1681307415672_7051914418789800116.jpg\" class=\"elementor-animation-grow attachment-large size-large wp-image-55\" alt=\"\" srcset=\"https:\/\/www.speichenspanner.com\/wp-content\/uploads\/2023\/04\/facebook_1681307415672_7051914418789800116.jpg 720w, https:\/\/www.speichenspanner.com\/wp-content\/uploads\/2023\/04\/facebook_1681307415672_7051914418789800116-225x300.jpg 225w\" sizes=\"(max-width: 720px) 100vw, 720px\" \/>\t\t\t\t\t\t\t\t\t\t\t\t\t\t\t<\/div>\n\t\t\t\t<\/div>\n\t\t\t\t\t<\/div>\n\t\t<\/div>\n\t\t\t\t\t<\/div>\n\t\t<\/section>\n\t\t\t\t<\/div>\n\t\t","protected":false},"excerpt":{"rendered":"<p>Speichenspanner Projekt Handwerk in Bewegung&#8230; \u00a0 Nach \u00fcber 45 Jahren an der Werkbank gehe ich jetzt auf eine andere Art [&hellip;]<\/p>\n","protected":false},"author":1,"featured_media":0,"parent":0,"menu_order":3,"comment_status":"closed","ping_status":"closed","template":"","meta":{"site-sidebar-layout":"default","site-content-layout":"","ast-site-content-layout":"default","site-content-style":"default","site-sidebar-style":"default","ast-global-header-display":"","ast-banner-title-visibility":"","ast-main-header-display":"","ast-hfb-above-header-display":"","ast-hfb-below-header-display":"","ast-hfb-mobile-header-display":"","site-post-title":"","ast-breadcrumbs-content":"","ast-featured-img":"","footer-sml-layout":"","ast-disable-related-posts":"","theme-transparent-header-meta":"","adv-header-id-meta":"","stick-header-meta":"","header-above-stick-meta":"","header-main-stick-meta":"","header-below-stick-meta":"","astra-migrate-meta-layouts":"default","ast-page-background-enabled":"default","ast-page-background-meta":{"desktop":{"background-color":"var(--ast-global-color-5)","background-image":"","background-repeat":"repeat","background-position":"center center","background-size":"auto","background-attachment":"scroll","background-type":"","background-media":"","overlay-type":"","overlay-color":"","overlay-opacity":"","overlay-gradient":""},"tablet":{"background-color":"","background-image":"","background-repeat":"repeat","background-position":"center center","background-size":"auto","background-attachment":"scroll","background-type":"","background-media":"","overlay-type":"","overlay-color":"","overlay-opacity":"","overlay-gradient":""},"mobile":{"background-color":"","background-image":"","background-repeat":"repeat","background-position":"center center","background-size":"auto","background-attachment":"scroll","background-type":"","background-media":"","overlay-type":"","overlay-color":"","overlay-opacity":"","overlay-gradient":""}},"ast-content-background-meta":{"desktop":{"background-color":"var(--ast-global-color-4)","background-image":"","background-repeat":"repeat","background-position":"center center","background-size":"auto","background-attachment":"scroll","background-type":"","background-media":"","overlay-type":"","overlay-color":"","overlay-opacity":"","overlay-gradient":""},"tablet":{"background-color":"var(--ast-global-color-4)","background-image":"","background-repeat":"repeat","background-position":"center center","background-size":"auto","background-attachment":"scroll","background-type":"","background-media":"","overlay-type":"","overlay-color":"","overlay-opacity":"","overlay-gradient":""},"mobile":{"background-color":"var(--ast-global-color-4)","background-image":"","background-repeat":"repeat","background-position":"center center","background-size":"auto","background-attachment":"scroll","background-type":"","background-media":"","overlay-type":"","overlay-color":"","overlay-opacity":"","overlay-gradient":""}},"footnotes":""},"class_list":["post-76","page","type-page","status-publish","hentry"],"_links":{"self":[{"href":"https:\/\/www.speichenspanner.com\/index.php?rest_route=\/wp\/v2\/pages\/76","targetHints":{"allow":["GET"]}}],"collection":[{"href":"https:\/\/www.speichenspanner.com\/index.php?rest_route=\/wp\/v2\/pages"}],"about":[{"href":"https:\/\/www.speichenspanner.com\/index.php?rest_route=\/wp\/v2\/types\/page"}],"author":[{"embeddable":true,"href":"https:\/\/www.speichenspanner.com\/index.php?rest_route=\/wp\/v2\/users\/1"}],"replies":[{"embeddable":true,"href":"https:\/\/www.speichenspanner.com\/index.php?rest_route=%2Fwp%2Fv2%2Fcomments&post=76"}],"version-history":[{"count":248,"href":"https:\/\/www.speichenspanner.com\/index.php?rest_route=\/wp\/v2\/pages\/76\/revisions"}],"predecessor-version":[{"id":447,"href":"https:\/\/www.speichenspanner.com\/index.php?rest_route=\/wp\/v2\/pages\/76\/revisions\/447"}],"wp:attachment":[{"href":"https:\/\/www.speichenspanner.com\/index.php?rest_route=%2Fwp%2Fv2%2Fmedia&parent=76"}],"curies":[{"name":"wp","href":"https:\/\/api.w.org\/{rel}","templated":true}]}}